{"id":59,"date":"2020-06-06T22:32:44","date_gmt":"2020-06-06T22:32:44","guid":{"rendered":"http:\/\/stephan-live.de\/?page_id=59"},"modified":"2021-02-16T07:22:34","modified_gmt":"2021-02-16T07:22:34","slug":"wer-bin-ich","status":"publish","type":"page","link":"http:\/\/stephan-live.de\/?page_id=59","title":{"rendered":"Wer bin ich"},"content":{"rendered":"<p><img loading=\"lazy\" class=\"alignnone size-medium wp-image-183\" src=\"http:\/\/stephan-live.de\/wp-content\/uploads\/2020\/06\/Presseausweis_Stephan-236x300.jpg\" alt=\"\" width=\"236\" height=\"300\" srcset=\"http:\/\/stephan-live.de\/wp-content\/uploads\/2020\/06\/Presseausweis_Stephan-236x300.jpg 236w, http:\/\/stephan-live.de\/wp-content\/uploads\/2020\/06\/Presseausweis_Stephan.jpg 320w\" sizes=\"(max-width: 236px) 100vw, 236px\" \/><\/p>\n<p>Mein Name ist Stephan Schmitz. Seit der Corona Kriese <span style=\"font-size: 1rem;\">habe ich leider verst\u00e4rkt feststellen m\u00fcssen, dass die<\/span> Mainstream<span style=\"font-size: 1rem;\">&#8211;<\/span><span style=\"font-size: 1rem;\">Presse das verl\u00e4ngerte Sprachrohr der Politik ist und nicht kritisch Dinge hinterfragt was auch deren Aufgabe w\u00e4re. Durch gezielte <\/span>Manipulation<span style=\"font-size: 1rem;\"> \u00fcber die Mainstream-Presse versucht man A<\/span>ndersdenkende<span style=\"font-size: 1rem;\"> gef\u00fcgig zu machen. Als ich dann den Live Stream am 10.05.2020 von der Demo in K\u00f6ln gesehen habe und die Berichterstattung von der Mainstream-Presse, musste ich feststellen das alle Fakten verdreht worden sind. Darauf hin habe ich mich entschlossen eine T\u00e4tigkeit als freier Journalist aufzunehmen.<\/span><\/p>\n<p>Am Anfang der Corona &#8222;Pandemie&#8220; als noch alles &#8222;unbekannt und nicht hinterfragt&#8220; war habe ich bereits in Facebook die Gruppe <a href=\"https:\/\/www.facebook.com\/groups\/coronaimostalbkreis\/\">Corona im Ostalbkreis<\/a> erstellt und aktuelle Informationen zukommen lassen. Nach geraumer Zeit habe ich dann gemerkt, hier stimmt was nicht und habe parallel\u00a0 die Seite www.stephan-live.de ins leben gerufen.<\/p>\n<p>Zudem gibt es weiter Plattformen auf diesen ich vertreten bin:<\/p>\n<p><span style=\"font-size: 1rem;\"><strong> Telegram &gt;<\/strong> <a href=\"https:\/\/t.me\/stephan_live\">https:\/\/t.me\/stephan_live<\/a><\/span><\/p>\n<p><strong>BitCHUTE &gt;<\/strong>\u00a0<a href=\"https:\/\/www.bitchute.com\/channel\/stephan-live\/\">https:\/\/www.bitchute.com\/channel\/stephan-live\/<\/a><\/p>\n<p><strong>bittube &gt;<\/strong> <a href=\"https:\/\/bittube.video\/accounts\/stephanlive\/video-channels\">https:\/\/bittube.video\/accounts\/stephanlive\/video-channels<\/a><\/p>\n<p><strong>YouTube &gt;\u00a0<\/strong> unter <a href=\"https:\/\/www.youtube.com\/channel\/UCUv_2GcySoOt8OFfeyapcnw\/featured\">stephan-live <\/a><\/p>\n<p><strong>Twitter &gt;<\/strong> <a href=\"https:\/\/twitter.com\/\">@stephan_live_de<\/a><\/p>\n<p><strong>Bitte abonniert auch meinen YouTube Kanal, damit ich live von Veranstaltungen berichten kann.<\/strong><\/p>\n<p>&nbsp;<\/p>\n<p>Dar\u00fcber hinaus habe ich seit 2009 eine Amateurfunk Lizenz und betreibe einen Info Kanal auf Facebook unter <a href=\"https:\/\/www.facebook.com\/DO6STS\/\">https:\/\/www.facebook.com\/DO6STS\/ <\/a>\u00fcber diesen man Neuigkeiten zum Bereich um den Amateurfunk erfahren kann.<\/p>\n","protected":false},"excerpt":{"rendered":"<p>Mein Name ist Stephan Schmitz. Seit der Corona Kriese habe ich leider verst\u00e4rkt feststellen m\u00fcssen, dass die Mainstream&#8211;Presse das verl\u00e4ngerte Sprachrohr der Politik ist und nicht kritisch Dinge hinterfragt was auch deren Aufgabe w\u00e4re. Durch gezielte Manipulation \u00fcber die Mainstream-Presse versucht man Andersdenkende gef\u00fcgig zu machen. Als ich dann den Live Stream am 10.05.2020 von &hellip; <\/p>\n<p class=\"link-more\"><a href=\"http:\/\/stephan-live.de\/?page_id=59\" class=\"more-link\"><span class=\"screen-reader-text\">\u201eWer bin ich\u201c<\/span> weiterlesen<\/a><\/p>\n","protected":false},"author":1,"featured_media":0,"parent":0,"menu_order":0,"comment_status":"closed","ping_status":"closed","template":"","meta":[],"_links":{"self":[{"href":"http:\/\/stephan-live.de\/index.php?rest_route=\/wp\/v2\/pages\/59"}],"collection":[{"href":"http:\/\/stephan-live.de\/index.php?rest_route=\/wp\/v2\/pages"}],"about":[{"href":"http:\/\/stephan-live.de\/index.php?rest_route=\/wp\/v2\/types\/page"}],"author":[{"embeddable":true,"href":"http:\/\/stephan-live.de\/index.php?rest_route=\/wp\/v2\/users\/1"}],"replies":[{"embeddable":true,"href":"http:\/\/stephan-live.de\/index.php?rest_route=%2Fwp%2Fv2%2Fcomments&post=59"}],"version-history":[{"count":20,"href":"http:\/\/stephan-live.de\/index.php?rest_route=\/wp\/v2\/pages\/59\/revisions"}],"predecessor-version":[{"id":1996,"href":"http:\/\/stephan-live.de\/index.php?rest_route=\/wp\/v2\/pages\/59\/revisions\/1996"}],"wp:attachment":[{"href":"http:\/\/stephan-live.de\/index.php?rest_route=%2Fwp%2Fv2%2Fmedia&parent=59"}],"curies":[{"name":"wp","href":"https:\/\/api.w.org\/{rel}","templated":true}]}}

<p><img loading="lazy" class="alignnone size-medium wp-image-183" src="http://stephan-live.de/wp-content/uploads/2020/06/Presseausweis_Stephan-236x300.jpg" alt="" width="236" height="300" srcset="http://stephan-live.de/wp-content/uploads/2020/06/Presseausweis_Stephan-236x300.jpg 236w, http://stephan-live.de/wp-content/uploads/2020/06/Presseausweis_Stephan.jpg 320w" sizes="(max-width: 236px) 100vw, 236px" /></p>
<p>Mein Name ist Stephan Schmitz. Seit der Corona Kriese <span style="font-size: 1rem;">habe ich leider verstärkt feststellen müssen, dass die</span> Mainstream<span style="font-size: 1rem;">&#8211;</span><span style="font-size: 1rem;">Presse das verlängerte Sprachrohr der Politik ist und nicht kritisch Dinge hinterfragt was auch deren Aufgabe wäre. Durch gezielte </span>Manipulation<span style="font-size: 1rem;"> über die Mainstream-Presse versucht man A</span>ndersdenkende<span style="font-size: 1rem;"> gefügig zu machen. Als ich dann den Live Stream am 10.05.2020 von der Demo in Köln gesehen habe und die Berichterstattung von der Mainstream-Presse, musste ich feststellen das alle Fakten verdreht worden sind. Darauf hin habe ich mich entschlossen eine Tätigkeit als freier Journalist aufzunehmen.</span></p>
<p>Am Anfang der Corona &#8222;Pandemie&#8220; als noch alles &#8222;unbekannt und nicht hinterfragt&#8220; war habe ich bereits in Facebook die Gruppe <a href="https://www.facebook.com/groups/coronaimostalbkreis/">Corona im Ostalbkreis</a> erstellt und aktuelle Informationen zukommen lassen. Nach geraumer Zeit habe ich dann gemerkt, hier stimmt was nicht und habe parallel  die Seite www.stephan-live.de ins leben gerufen.</p>
<p>Zudem gibt es weiter Plattformen auf diesen ich vertreten bin:</p>
<p><span style="font-size: 1rem;"><strong> Telegram &gt;</strong> <a href="https://t.me/stephan_live">https://t.me/stephan_live</a></span></p>
<p><strong>BitCHUTE &gt;</strong> <a href="https://www.bitchute.com/channel/stephan-live/">https://www.bitchute.com/channel/stephan-live/</a></p>
<p><strong>bittube &gt;</strong> <a href="https://bittube.video/accounts/stephanlive/video-channels">https://bittube.video/accounts/stephanlive/video-channels</a></p>
<p><strong>YouTube &gt; </strong> unter <a href="https://www.youtube.com/channel/UCUv_2GcySoOt8OFfeyapcnw/featured">stephan-live </a></p>
<p><strong>Twitter &gt;</strong> <a href="https://twitter.com/">@stephan_live_de</a></p>
<p><strong>Bitte abonniert auch meinen YouTube Kanal, damit ich live von Veranstaltungen berichten kann.</strong></p>
<p>&nbsp;</p>
<p>Darüber hinaus habe ich seit 2009 eine Amateurfunk Lizenz und betreibe einen Info Kanal auf Facebook unter <a href="https://www.facebook.com/DO6STS/">https://www.facebook.com/DO6STS/ </a>über diesen man Neuigkeiten zum Bereich um den Amateurfunk erfahren kann.</p>

<p>Mein Name ist Stephan Schmitz. Seit der Corona Kriese habe ich leider verstärkt feststellen müssen, dass die Mainstream&#8211;Presse das verlängerte Sprachrohr der Politik ist und nicht kritisch Dinge hinterfragt was auch deren Aufgabe wäre. Durch gezielte Manipulation über die Mainstream-Presse versucht man Andersdenkende gefügig zu machen. Als ich dann den Live Stream am 10.05.2020 von &hellip; </p>
<p class="link-more"><a href="http://stephan-live.de/?page_id=59" class="more-link"><span class="screen-reader-text">„Wer bin ich“</span> weiterlesen</a></p>
